et o be (-4)/(-10) + 104/v. Let g be q(o). What is the greatest common divisor of g and 70?
7
Let c be 1/(2/(-4)*(-4)/10). Suppose 2*y - 196 = -c*j, -2*j - 2*j + 162 = -y. Calculate the greatest common divisor of j and 8.
8
Suppose -26*n = 9*n - 103530. What is the highest common divisor of 102 and n?
102
Suppose 2*h = 5*t - h + 290, 4*h = -2*t - 142. Let y = 89 + t. Let x be ((-63)/y)/(3/(-88)). Calculate the highest common divisor of x and 6.
6
Let x(b) = -b + 3 + 2 - 2 + 3. Let o be x(-10). Let d be (-3)/(-3)*179 + 12/(-4). What is the highest common factor of d and o?
16
Suppose 69 + 23 = 4*i. Suppose 4*z - x = 89, 3*z - 12*x + 11*x - 66 = 0. What is the highest common factor of i and z?
23
Let c = -27 - -32. Suppose 0 = c*m - 3*d - 390, 390 = 3*m + 2*m - d. Suppose 5*b - 27 = m. Calculate the greatest common factor of 3 and b.
3
Suppose -39*h + 14205 + 11067 = 0. Calculate the highest common factor of 24 and h.
24
Suppose 0 = -5*q + 45. Suppose z = -3, 0 = -3*a + 2*z + 127 - 13. Calculate the greatest common factor of q and a.
9
Let s be 2 + (1 - 3) + 5. Suppose 0*j = s*j + 10, 0 = -2*y + 3*j + 412. What is the greatest common divisor of y and 29?
29
Suppose 5*a + 15 - 25 = 0. Suppose 5*p = a*p + 306. Calculate the greatest common factor of 34 and p.
34
Let m be 3/1 - (-6 + 6). Let b = -84 + 111. Suppose -b*h + 81 = -24*h. What is the highest common factor of h and m?
3
Let w be 169 - (-3)/2*50/(-15). What is the greatest common divisor of w and 82?
82
Let u(y) = 2*y**2 + 6*y + 12. Let b be u(-7). Suppose 47 = 5*r - b. What is the highest common divisor of 184 and r?
23
Let z(d) = 11*d**2 + 4*d - 10. Let n be z(-2). What is the greatest common divisor of n and 520?
26
Suppose 2*t + 63*v - 758 = 61*v, 2*t = 3*v + 743. What is the highest common factor of 16 and t?
8
Let c be 52 - 58 - (-39 + (2 - 2)). Calculate the highest common factor of c and 715.
11
Let s(g) = -g**3 - 17*g**2 + 3*g - 17. Let p be s(-17). Let k be ((-6)/(-60)*p)/((-1)/5). Let x = -2 + 19. What is the greatest common factor of k and x?
17
Let h = -12 - -14. Suppose -h*y - y = -504. Suppose -4*t + y = -t. What is the greatest common factor of 14 and t?
14
Let s(o) = -2*o**2 - 20*o + 5. Suppose 0 = 2*h - 3*h - 10. Let d be s(h). Calculate the greatest common factor of 1 and d.
1
Let y = -102 - -105. Suppose 4*n - 4 = -4*z + 5*z, -y*n = -4*z + 36. What is the highest common divisor of z and 6?
6
Suppose 0 = 3*a - 196 - 47. Calculate the highest common divisor of 567 and a.
81
Let y be -30 + 1/(-2)*4. Let b = -7 - y. Let x be ((-108)/10)/((-5)/b). Calculate the highest common factor of 6 and x.
6
Let l(z) = -21*z**2 - 8*z + 7 + 0*z + z**3 + 27*z**2. Let h be l(-7). Let i(k) = 15*k - 7. Let s be i(7). Calculate the greatest common divisor of s and h.
14
Suppose 5*t + 3*y - 77 = 0, 115 = 5*t + 2*y + 37. Let k(a) = -62 + t*a**2 + 62. Let q be k(1). Calculate the greatest common divisor of 4 and q.
4
Let m(r) = 7*r**2 - 3*r + 1. Let s be m(-5). Let j = s + -56. Let t be (11 + (-3)/6*-8)*1. Calculate the highest common divisor of j and t.
15
Suppose -9*x + 2066 = 581. Let z = -90 + x. Calculate the highest common divisor of 15 and z.
15
Let y(q) = q**3 + 14*q**2 - 26*q - 19. Let i be y(-15). Let w = i + -144. What is the greatest common factor of 14 and w?
2
Let m(u) = u**2 - u - 8. Let g be m(-6). Let l = 37 - g. What is the highest common divisor of l and 1?
1
Let j be 16/((-48)/(-405))*(1 - 0). What is the highest common factor of 60 and j?
15
Let l(i) = 6*i - 3. Let k be l(4). Suppose -5*h + 302 - 92 = 0. Calculate the highest common factor of h and k.
21
Suppose u = -15*r + 11*r + 6367, 0 = -3*u - 15. What is the greatest common factor of r and 27?
27
Suppose 5*x = 2*l + 7*x - 990, l + 5*x - 507 = 0. What is the highest common divisor of l and 12?
12
Let f = 19 - 7. Let u be (-1)/((16/f)/(-4)). Suppose -80 = -u*s - s. Calculate the highest common factor of s and 200.
20
Let l(f) = -2*f - 6. Suppose -2*d = -2*g + 34, -5*d + g = -g + 70. Let i be l(d). Calculate the highest common divisor of 45 and i.
9
Suppose 27 = 5*i - d, -2*i - 3*d + 18 = -7*d. Suppose -4*q = -73 + 13. What is the greatest common factor of q and i?
5
Suppose 2*t - 312 - 440 = -2*s, -3*s + 1132 = 5*t. Calculate the highest common factor of s and 136.
34
Suppose 39*o - 864 = 15*o. Calculate the greatest common divisor of 9 and o.
9
Let a = 418 + -168. Let f = 89 - 85. Suppose -2*z + x + 293 = 0, 3*x + a = f*z - 341. Calculate the greatest common factor of 18 and z.
18
Let q = 68 - -52. What is the greatest common divisor of 80 and q?
40
Suppose -160 + 464 = 16*o. Suppose 0 = -4*h + 532 - 0. Calculate the highest common divisor of o and h.
19
Let m = -27 - 23. Let x be 1 - (m - (2 - 5)). What is the highest common divisor of 12 and x?
12
Let r(d) = 3*d**2 + d - 7. Let z be r(-3). Let a = z + -11. What is the greatest common divisor of a and 15?
3
Suppose -5*a - a = 0. Suppose p = 3*t - t - 9, a = -4*t - p + 33. Calculate the highest common divisor of 1 and t.
1
Let p = -429 + 885. Calculate the greatest common divisor of p and 19.
19
Let r = 41 + -17. What is the highest common factor of r and 108?
12
Let b be (-151 + 1)/(-2) - (14 - 9). What is the highest common divisor of 20 and b?
10
Suppose 2*t = -2*s + 6*s + 6, 4*t - 3*s = 12. Calculate the highest common factor of t and 4.
1
Suppose 5*n + 2*c + 2 = -2*c, 0 = n + 5*c + 13. Suppose 2*o + 17 = 3*a - 33, -3*a + 44 = 4*o. Calculate the highest common divisor of a and n.
2
Let o = 2502 - 2341. What is the greatest common factor of 391 and o?
23
Let d be 1/(-3) + 158/6. Suppose 96*t - 4502 = 5482. What is the highest common divisor of d and t?
26
Let b be ((-129)/301)/(2/(-350)). Calculate the highest common divisor of 12 and b.
3
Let x be (3 + 0)*(-11 - -3 - -10). What is the greatest common divisor of x and 24?
6
Let q be -1 - (2 - 12 - -1). Let f = 5 + q. Suppose 2*b - 6*b - 2*s = -110, 0 = 4*s - 12. Calculate the greatest common factor of b and f.
13
Let v be -36*(-3 + 5/(-3)). What is the highest common divisor of v and 14?
14
Let j(m) = -m**3 - m**2 - m - 237. Let k be j(0). Let u be (-2)/(-9) + k/(-27). Let y = u + -1. What is the highest common divisor of y and 56?
8
Let w(x) = x**2 - 26*x - 167. Let d be w(33). Calculate the greatest common divisor of d and 216.
8
Let l = 14 - 11. Suppose l*p - 3*q - 72 = -7*q, 0 = -5*p - 2*q + 134. Calculate the greatest common divisor of 252 and p.
28
Let k(x) = -x**3 + 10*x**2 - 3*x - 8. Let c be k(9). Let s = c - 40. What is the highest common factor of s and 15?
3
Suppose 4*p - 35 = 13. Calculate the greatest common divisor of p and 24.
12
Suppose 0 = -7*l - l + 104. Calculate the greatest common factor of 247 and l.
13
Let w = -515 - -790. Suppose 3*z + 100 = 7*z. Calculate the greatest common divisor of z and w.
25
Let p = 490 + -473. Suppose -2*z + 105 = y, 0*z + 189 = 4*z - 5*y. What is the highest common factor of p and z?
17
Let w(c) = c**3 - 20*c**2 + 3*c + 9. Let j be w(20). Suppose -66*b + j*b = 702. What is the greatest common divisor of b and 18?
18
Let s be (-742)/(-21) - -5 - (-2)/(-6). Calculate the greatest common divisor of 24 and s.
8
Let z be -20*12/48 + 11. What is the highest common divisor of 348 and z?
6
Let q = 993 + -949. What is the highest common factor of q and 44?
44
Let i(g) = 3*g**2 - 4*g + 2. Let b(q) = -2*q**2 + 2*q - 1. Let u(w) = -5*b(w) - 2*i(w). Let k be u(2). What is the greatest common factor of k and 13?
13
Let z = 65 + -40. Let q(a) = 25*a**3 + a**2 - a. Let x be q(1). What is the highest common divisor of x and z?
25
Suppose 0 = -3*h + 18. Let k = 6 + h. What is the greatest common factor of k and 8?
4
Let r(v) = v**3 - 6*v**2 + 25*v - 11. Let a be r(10). What is the highest common divisor of a and 71?
71
Let w be 4/14 - (-1161)/(-21). Let i = -13 - w. Let f be 2210/340 - (-1)/(-2). What is the highest common divisor of f and i?
6
Suppose 5*j - b = 2*j + 272, -4*j + 368 = -4*b. What is the highest common divisor of j and 210?
30
Let j be -386*(0 - (-3)/(-3)). Suppose -2*s + 4*q = -j, 0*s - q = -s + 190. Let b = -20 - -37. What is the greatest common divisor of s and b?
17
Let l be (-6)/(-45) - (-5938)/15. Calculate the highest common divisor of l and 88.
44
Let h be 